{"id":229,"date":"2025-04-17T19:34:50","date_gmt":"2025-04-17T17:34:50","guid":{"rendered":"https:\/\/285222.peda.univ-lille.fr\/2025\/wordpress\/?page_id=229"},"modified":"2025-04-18T20:17:14","modified_gmt":"2025-04-18T18:17:14","slug":"a-propos-de-nous","status":"publish","type":"page","link":"https:\/\/285222.peda.univ-lille.fr\/2025\/wordpress\/?page_id=229","title":{"rendered":"A propos de nous"},"content":{"rendered":"\t\t<div data-elementor-type=\"wp-page\" data-elementor-id=\"229\" class=\"elementor elementor-229\">\n\t\t\t\t<div class=\"elementor-element elementor-element-010696b e-flex e-con-boxed wpr-particle-no wpr-jarallax-no wpr-parallax-no wpr-sticky-section-no e-con e-parent\" data-id=\"010696b\" data-element_type=\"container\" data-settings=\"{&quot;background_background&quot;:&quot;classic&quot;}\">\n\t\t\t\t\t<div class=\"e-con-inner\">\n\t\t<div class=\"elementor-element elementor-element-41d1728 e-con-full e-flex wpr-particle-no wpr-jarallax-no wpr-parallax-no wpr-sticky-section-no e-con e-child\" data-id=\"41d1728\" data-element_type=\"container\" data-settings=\"{&quot;background_background&quot;:&quot;classic&quot;}\">\n\t\t\t\t<div class=\"elementor-element elementor-element-1cac8d5 elementor-widget elementor-widget-heading\" data-id=\"1cac8d5\" data-element_type=\"widget\" data-widget_type=\"heading.default\">\n\t\t\t\t<div class=\"elementor-widget-container\">\n\t\t\t\t\t<h2 class=\"elementor-heading-title elementor-size-default\">A propos<\/h2>\t\t\t\t<\/div>\n\t\t\t\t<\/div>\n\t\t\t\t<div class=\"elementor-element elementor-element-cad5ab2 elementor-widget__width-initial elementor-widget elementor-widget-heading\" data-id=\"cad5ab2\" data-element_type=\"widget\" data-widget_type=\"heading.default\">\n\t\t\t\t<div class=\"elementor-widget-container\">\n\t\t\t\t\t<h2 class=\"elementor-heading-title elementor-size-default\">D\u00e9couvrez EcoVeille<\/h2>\t\t\t\t<\/div>\n\t\t\t\t<\/div>\n\t\t\t\t<div class=\"elementor-element elementor-element-c1cafa2 elementor-widget__width-initial elementor-widget elementor-widget-text-editor\" data-id=\"c1cafa2\" data-element_type=\"widget\" data-widget_type=\"text-editor.default\">\n\t\t\t\t<div class=\"elementor-widget-container\">\n\t\t\t\t\t\t\t\t\t<p>Notre ambition est claire : <strong data-start=\"626\" data-end=\"699\">outiller les acteurs d\u2019aujourd\u2019hui pour anticiper les d\u00e9fis de demain<\/strong>, en leur offrant des ressources rigoureuses, des m\u00e9thodologies \u00e9prouv\u00e9es et des perspectives innovantes sur la collecte, l\u2019analyse et l\u2019exploitation de l\u2019information strat\u00e9gique.<\/p>\t\t\t\t\t\t\t\t<\/div>\n\t\t\t\t<\/div>\n\t\t\t\t<div class=\"elementor-element elementor-element-81d3e91 elementor-align-center elementor-widget elementor-widget-button\" data-id=\"81d3e91\" data-element_type=\"widget\" data-widget_type=\"button.default\">\n\t\t\t\t<div class=\"elementor-widget-container\">\n\t\t\t\t\t\t\t\t\t<div class=\"elementor-button-wrapper\">\n\t\t\t\t\t<a class=\"elementor-button elementor-button-link elementor-size-sm\" href=\"#\">\n\t\t\t\t\t\t<span class=\"elementor-button-content-wrapper\">\n\t\t\t\t\t\t\t\t\t<span class=\"elementor-button-text\">D\u00e9couvrez notre dossier sp\u00e9cial<\/span>\n\t\t\t\t\t<\/span>\n\t\t\t\t\t<\/a>\n\t\t\t\t<\/div>\n\t\t\t\t\t\t\t\t<\/div>\n\t\t\t\t<\/div>\n\t\t\t\t<\/div>\n\t\t\t\t\t<\/div>\n\t\t\t\t<\/div>\n\t\t<div class=\"elementor-element elementor-element-9bdd2ea e-flex e-con-boxed wpr-particle-no wpr-jarallax-no wpr-parallax-no wpr-sticky-section-no e-con e-parent\" data-id=\"9bdd2ea\" data-element_type=\"container\">\n\t\t\t\t\t<div class=\"e-con-inner\">\n\t\t<div class=\"elementor-element elementor-element-128b81b e-con-full e-flex wpr-particle-no wpr-jarallax-no wpr-parallax-no wpr-sticky-section-no e-con e-child\" data-id=\"128b81b\" data-element_type=\"container\">\n\t\t<div class=\"elementor-element elementor-element-374c624 e-con-full e-flex wpr-particle-no wpr-jarallax-no wpr-parallax-no wpr-sticky-section-no e-con e-child\" data-id=\"374c624\" data-element_type=\"container\">\n\t\t\t\t<div class=\"elementor-element elementor-element-b821873 elementor-widget elementor-widget-heading\" data-id=\"b821873\" data-element_type=\"widget\" data-widget_type=\"heading.default\">\n\t\t\t\t<div class=\"elementor-widget-container\">\n\t\t\t\t\t<h2 class=\"elementor-heading-title elementor-size-default\">Qui sommes-nous?<\/h2>\t\t\t\t<\/div>\n\t\t\t\t<\/div>\n\t\t\t\t<div class=\"elementor-element elementor-element-eb8e56c elementor-widget elementor-widget-text-editor\" data-id=\"eb8e56c\" data-element_type=\"widget\" data-widget_type=\"text-editor.default\">\n\t\t\t\t<div class=\"elementor-widget-container\">\n\t\t\t\t\t\t\t\t\t<p class=\"\" data-start=\"880\" data-end=\"1166\">\u00c0 travers une approche transversale m\u00ealant\u00a0<strong data-start=\"923\" data-end=\"949\">veille concurrentielle<\/strong>,\u00a0<strong data-start=\"951\" data-end=\"980\">intelligence artificielle<\/strong>,\u00a0<strong data-start=\"982\" data-end=\"1017\">technologies conversationnelles<\/strong>,\u00a0<strong data-start=\"1019\" data-end=\"1033\">innovation<\/strong>, et\u00a0<strong data-start=\"1038\" data-end=\"1069\">analyse des signaux faibles<\/strong>, EcoVeille explore les leviers qui permettent de transformer l\u2019information en d\u00e9cision \u00e9clair\u00e9e.<\/p><p class=\"\" data-start=\"1168\" data-end=\"1212\"><img decoding=\"async\" class=\"emoji\" role=\"img\" draggable=\"false\" src=\"https:\/\/s.w.org\/images\/core\/emoji\/15.1.0\/svg\/1f50d.svg\" alt=\"\ud83d\udd0d\" \/>\u00a0<strong data-start=\"1171\" data-end=\"1210\">Ce que vous trouverez sur EcoVeille<\/strong>\u00a0:<\/p><ul data-start=\"1213\" data-end=\"1650\"><li class=\"\" data-start=\"1213\" data-end=\"1288\"><p class=\"\" data-start=\"1215\" data-end=\"1288\">Des articles de fond sur les outils et techniques de veille strat\u00e9gique<\/p><\/li><li class=\"\" data-start=\"1289\" data-end=\"1392\"><p class=\"\" data-start=\"1291\" data-end=\"1392\">Des d\u00e9cryptages sur l\u2019utilisation de l\u2019IA, des agents conversationnels et de la data dans la veille<\/p><\/li><li class=\"\" data-start=\"1393\" data-end=\"1451\"><p class=\"\" data-start=\"1395\" data-end=\"1451\">Des \u00e9tudes de cas concrets et des retours d\u2019exp\u00e9rience<\/p><\/li><li class=\"\" data-start=\"1452\" data-end=\"1562\"><p class=\"\" data-start=\"1454\" data-end=\"1562\">Des synth\u00e8ses r\u00e9glementaires et des \u00e9clairages sur les enjeux \u00e9thiques de la surveillance informationnelle<\/p><\/li><li class=\"\" data-start=\"1563\" data-end=\"1650\"><p class=\"\" data-start=\"1565\" data-end=\"1650\">Une veille r\u00e9guli\u00e8re sur les tendances \u00e9mergentes et les transformations sectorielles<\/p><\/li><\/ul><p class=\"\" data-start=\"1652\" data-end=\"1874\"><img decoding=\"async\" class=\"emoji\" role=\"img\" draggable=\"false\" src=\"https:\/\/s.w.org\/images\/core\/emoji\/15.1.0\/svg\/1f4da.svg\" alt=\"\ud83d\udcda\" \/>\u00a0Que vous soyez veilleur, communicant, d\u00e9cideur, chercheur ou entrepreneur, vous trouverez ici\u00a0<strong data-start=\"1749\" data-end=\"1816\">un espace de convergence entre savoir, technologie et strat\u00e9gie<\/strong>, con\u00e7u pour nourrir votre r\u00e9flexion et affiner vos choix.<\/p><p class=\"\" data-start=\"1876\" data-end=\"1953\"><strong data-start=\"1876\" data-end=\"1889\">EcoVeille<\/strong>\u00a0: plus qu\u2019un blog, un outil de lucidit\u00e9 dans un monde complexe.<\/p>\t\t\t\t\t\t\t\t<\/div>\n\t\t\t\t<\/div>\n\t\t\t\t<div class=\"elementor-element elementor-element-d4ea770 elementor-align-left elementor-widget elementor-widget-button\" data-id=\"d4ea770\" data-element_type=\"widget\" data-widget_type=\"button.default\">\n\t\t\t\t<div class=\"elementor-widget-container\">\n\t\t\t\t\t\t\t\t\t<div class=\"elementor-button-wrapper\">\n\t\t\t\t\t<a class=\"elementor-button elementor-button-link elementor-size-sm\" href=\"https:\/\/285222.peda.univ-lille.fr\/2025\/wordpress\/?page_id=236\">\n\t\t\t\t\t\t<span class=\"elementor-button-content-wrapper\">\n\t\t\t\t\t\t\t\t\t<span class=\"elementor-button-text\">Explorez nos derniers articles<\/span>\n\t\t\t\t\t<\/span>\n\t\t\t\t\t<\/a>\n\t\t\t\t<\/div>\n\t\t\t\t\t\t\t\t<\/div>\n\t\t\t\t<\/div>\n\t\t\t\t<\/div>\n\t\t<div class=\"elementor-element elementor-element-f9775b8 e-con-full e-flex wpr-particle-no wpr-jarallax-no wpr-parallax-no wpr-sticky-section-no e-con e-child\" data-id=\"f9775b8\" data-element_type=\"container\">\n\t\t\t\t<div class=\"elementor-element elementor-element-8f26a74 elementor-widget elementor-widget-image\" data-id=\"8f26a74\" data-element_type=\"widget\" data-widget_type=\"image.default\">\n\t\t\t\t<div class=\"elementor-widget-container\">\n\t\t\t\t\t\t\t\t\t\t\t\t\t\t\t<img fetchpriority=\"high\" decoding=\"async\" width=\"683\" height=\"1024\" src=\"https:\/\/285222.peda.univ-lille.fr\/2025\/wordpress\/wp-content\/uploads\/2025\/04\/ChatGPT-Image-18-avr.-2025-12_53_11-683x1024.jpg\" class=\"attachment-large size-large wp-image-316\" alt=\"\" srcset=\"https:\/\/285222.peda.univ-lille.fr\/2025\/wordpress\/wp-content\/uploads\/2025\/04\/ChatGPT-Image-18-avr.-2025-12_53_11-683x1024.jpg 683w, https:\/\/285222.peda.univ-lille.fr\/2025\/wordpress\/wp-content\/uploads\/2025\/04\/ChatGPT-Image-18-avr.-2025-12_53_11-200x300.jpg 200w, https:\/\/285222.peda.univ-lille.fr\/2025\/wordpress\/wp-content\/uploads\/2025\/04\/ChatGPT-Image-18-avr.-2025-12_53_11-768x1152.jpg 768w, https:\/\/285222.peda.univ-lille.fr\/2025\/wordpress\/wp-content\/uploads\/2025\/04\/ChatGPT-Image-18-avr.-2025-12_53_11.jpg 1024w\" sizes=\"(max-width: 683px) 100vw, 683px\" \/>\t\t\t\t\t\t\t\t\t\t\t\t\t\t\t<\/div>\n\t\t\t\t<\/div>\n\t\t\t\t<\/div>\n\t\t\t\t<\/div>\n\t\t\t\t\t<\/div>\n\t\t\t\t<\/div>\n\t\t\t\t<\/div>\n\t\t","protected":false},"excerpt":{"rendered":"<p>A propos D\u00e9couvrez EcoVeille Notre ambition est claire : outiller les acteurs d\u2019aujourd\u2019hui pour anticiper les d\u00e9fis de demain, en leur offrant des ressources rigoureuses, des m\u00e9thodologies \u00e9prouv\u00e9es et des perspectives innovantes sur la collecte, l\u2019analyse et l\u2019exploitation de l\u2019information strat\u00e9gique. D\u00e9couvrez notre dossier sp\u00e9cial Qui sommes-nous? \u00c0 travers une approche transversale m\u00ealant\u00a0veille concurrentielle,\u00a0intelligence artificielle,\u00a0technologies conversationnelles,\u00a0innovation, et\u00a0analyse des signaux faibles, EcoVeille explore les leviers qui permettent de transformer l\u2019information en d\u00e9cision \u00e9clair\u00e9e. \u00a0Ce que vous trouverez sur EcoVeille\u00a0: Des articles de fond sur les outils et techniques de veille strat\u00e9gique Des d\u00e9cryptages sur l\u2019utilisation de l\u2019IA, des agents conversationnels et de la data dans la veille Des \u00e9tudes de cas concrets et des retours d\u2019exp\u00e9rience Des synth\u00e8ses r\u00e9glementaires et des \u00e9clairages sur les enjeux \u00e9thiques de la surveillance informationnelle Une veille r\u00e9guli\u00e8re sur les tendances \u00e9mergentes et les transformations sectorielles \u00a0Que vous soyez veilleur, communicant, d\u00e9cideur, chercheur ou entrepreneur, vous trouverez ici\u00a0un espace de convergence entre savoir, technologie et strat\u00e9gie, con\u00e7u pour nourrir votre r\u00e9flexion et affiner vos choix. EcoVeille\u00a0: plus qu\u2019un blog, un outil de lucidit\u00e9 dans un monde complexe. Explorez nos derniers articles<\/p>\n","protected":false},"author":1,"featured_media":0,"parent":0,"menu_order":0,"comment_status":"closed","ping_status":"closed","template":"","meta":{"site-sidebar-layout":"no-sidebar","site-content-layout":"","ast-site-content-layout":"full-width-container","site-content-style":"default","site-sidebar-style":"default","ast-global-header-display":"","ast-banner-title-visibility":"","ast-main-header-display":"","ast-hfb-above-header-display":"","ast-hfb-below-header-display":"","ast-hfb-mobile-header-display":"","site-post-title":"disabled","ast-breadcrumbs-content":"","ast-featured-img":"disabled","footer-sml-layout":"","ast-disable-related-posts":"","theme-transparent-header-meta":"","adv-header-id-meta":"","stick-header-meta":"","header-above-stick-meta":"","header-main-stick-meta":"","header-below-stick-meta":"","astra-migrate-meta-layouts":"default","ast-page-background-enabled":"default","ast-page-background-meta":{"desktop":{"background-color":"var(--ast-global-color-5)","background-image":"","background-repeat":"repeat","background-position":"center center","background-size":"auto","background-attachment":"scroll","background-type":"","background-media":"","overlay-type":"","overlay-color":"","overlay-opacity":"","overlay-gradient":""},"tablet":{"background-color":"","background-image":"","background-repeat":"repeat","background-position":"center center","background-size":"auto","background-attachment":"scroll","background-type":"","background-media":"","overlay-type":"","overlay-color":"","overlay-opacity":"","overlay-gradient":""},"mobile":{"background-color":"","background-image":"","background-repeat":"repeat","background-position":"center center","background-size":"auto","background-attachment":"scroll","background-type":"","background-media":"","overlay-type":"","overlay-color":"","overlay-opacity":"","overlay-gradient":""}},"ast-content-background-meta":{"desktop":{"background-color":"var(--ast-global-color-4)","background-image":"","background-repeat":"repeat","background-position":"center center","background-size":"auto","background-attachment":"scroll","background-type":"","background-media":"","overlay-type":"","overlay-color":"","overlay-opacity":"","overlay-gradient":""},"tablet":{"background-color":"var(--ast-global-color-4)","background-image":"","background-repeat":"repeat","background-position":"center center","background-size":"auto","background-attachment":"scroll","background-type":"","background-media":"","overlay-type":"","overlay-color":"","overlay-opacity":"","overlay-gradient":""},"mobile":{"background-color":"var(--ast-global-color-4)","background-image":"","background-repeat":"repeat","background-position":"center center","background-size":"auto","background-attachment":"scroll","background-type":"","background-media":"","overlay-type":"","overlay-color":"","overlay-opacity":"","overlay-gradient":""}},"footnotes":""},"class_list":["post-229","page","type-page","status-publish","hentry"],"_links":{"self":[{"href":"https:\/\/285222.peda.univ-lille.fr\/2025\/wordpress\/index.php?rest_route=\/wp\/v2\/pages\/229","targetHints":{"allow":["GET"]}}],"collection":[{"href":"https:\/\/285222.peda.univ-lille.fr\/2025\/wordpress\/index.php?rest_route=\/wp\/v2\/pages"}],"about":[{"href":"https:\/\/285222.peda.univ-lille.fr\/2025\/wordpress\/index.php?rest_route=\/wp\/v2\/types\/page"}],"author":[{"embeddable":true,"href":"https:\/\/285222.peda.univ-lille.fr\/2025\/wordpress\/index.php?rest_route=\/wp\/v2\/users\/1"}],"replies":[{"embeddable":true,"href":"https:\/\/285222.peda.univ-lille.fr\/2025\/wordpress\/index.php?rest_route=%2Fwp%2Fv2%2Fcomments&post=229"}],"version-history":[{"count":19,"href":"https:\/\/285222.peda.univ-lille.fr\/2025\/wordpress\/index.php?rest_route=\/wp\/v2\/pages\/229\/revisions"}],"predecessor-version":[{"id":405,"href":"https:\/\/285222.peda.univ-lille.fr\/2025\/wordpress\/index.php?rest_route=\/wp\/v2\/pages\/229\/revisions\/405"}],"wp:attachment":[{"href":"https:\/\/285222.peda.univ-lille.fr\/2025\/wordpress\/index.php?rest_route=%2Fwp%2Fv2%2Fmedia&parent=229"}],"curies":[{"name":"wp","href":"https:\/\/api.w.org\/{rel}","templated":true}]}}